 2446 even?
True
Is 55 a factor of 4180?
True
Is 25782 a multiple of 6?
True
Is 148 a multiple of 28?
False
Is 5 a factor of 125?
True
Is 117 a factor of 3393?
True
Is 4019 a multiple of 51?
False
Is 348 a factor of 88044?
True
Is 20 a factor of 22300?
True
Is 1630 a multiple of 8?
False
Does 4 divide 21?
False
Is 9 a factor of 1597?
False
Is 9 a factor of 36462?
False
Is 14143 a multiple of 75?
False
Is 99 a factor of 2772?
True
Does 8 divide 1918?
False
Is 7 a factor of 532?
True
Is 945 a multiple of 17?
False
Is 36 a factor of 3600?
True
Is 840 a multiple of 168?
True
Is 4 a factor of 394?
False
Is 131 a factor of 4323?
True
Is 14 a factor of 366?
False
Does 15 divide 9600?
True
Is 24 a factor of 24480?
True
Is 4541 a multiple of 11?
False
Is 42420 a multiple of 7?
True
Is 2648 a multiple of 331?
True
Does 22 divide 748?
True
Is 16777 a multiple of 22?
False
Is 42 a factor of 293?
False
Is 2 a factor of 55?
False
Is 41 a factor of 6629?
False
Is 28162 a multiple of 32?
False
Is 1598 a multiple of 33?
False
Is 1311 a multiple of 63?
False
Is 4768 a multiple of 32?
True
Is 75 a factor of 51225?
True
Is 24420 a multiple of 15?
True
Does 70 divide 1750?
True
Does 93 divide 837?
True
Is 33 a factor of 1485?
True
Is 6000 a multiple of 75?
True
Is 2956 a multiple of 10?
False
Is 24 a factor of 10032?
True
Is 1107 even?
False
Does 10 divide 17692?
False
Is 437 a multiple of 6?
False
Does 103 divide 16480?
True
Is 261 a multiple of 36?
False
Is 2621 a multiple of 9?
False
Is 16 a factor of 327?
False
Does 57 divide 6141?
False
Is 1288 a multiple of 19?
False
Is 742 a multiple of 10?
False
Is 12 a factor of 1361?
False
Does 275 divide 102850?
True
Is 28 a factor of 224?
True
Is 430 a multiple of 65?
False
Does 11 divide 19140?
True
Does 14 divide 4184?
False
Is 1380 a multiple of 23?
True
Is 720 a multiple of 80?
True
Does 434 divide 59661?
False
Is 85 a factor of 1785?
True
Does 10 divide 3629?
False
Is 979 a multiple of 41?
False
Does 65 divide 3835?
True
Is 280 a multiple of 6?
False
Is 40 a factor of 29878?
False
Is 9 a factor of 495?
True
Is 101069 a multiple of 120?
False
Is 128 a multiple of 10?
False
Does 48 divide 384?
True
Is 10365 a multiple of 4?
False
Does 69 divide 207?
True
Is 9 a factor of 4099?
False
Is 1168 a multiple of 16?
True
Does 130 divide 15589?
False
Is 17 a factor of 731?
True
Is 2706 a multiple of 16?
False
Does 24 divide 59150?
False
Is 126 a multiple of 4?
False
Is 3131 a multiple of 31?
True
Is 94 a factor of 6392?
True
Does 7 divide 11766?
False
Is 38349 a multiple of 161?
False
Is 21123 a multiple of 139?
False
Is 59 a factor of 2419?
True
Is 65 a factor of 24748?
False
Is 65320 a multiple of 5?
True
Is 10 a factor of 3750?
True
Is 24 a factor of 1568?
False
Is 2974 a multiple of 9?
False
Does 4 divide 1892?
True
Is 9 a factor of 2952?
True
Is 10 a factor of 11060?
True
Is 259 even?
False
Is 20715 a multiple of 65?
False
Is 469 a multiple of 41?
False
Is 114 a factor of 12340?
False
Is 51890 a multiple of 269?
False
Does 19 divide 10279?
True
Is 72 a factor of 3816?
True
Is 274 a multiple of 7?
False
Is 12 a factor of 1548?
True
Does 69 divide 3105?
True
Does 26 divide 25714?
True
Does 20 divide 1500?
True
Is 40 a factor of 1920?
True
Is 11 a factor of 638?
True
Is 1111 a multiple of 53?
False
Is 828 a multiple of 36?
True
Is 48 a factor of 1536?
True
Does 67 divide 804?
True
Is 151 a factor of 40923?
False
Does 70 divide 420?
True
Is 50 a factor of 2241?
False
Does 27 divide 2860?
False
Does 20 divide 5550?
False
Is 12 a factor of 540?
True
Is 17 a factor of 31178?
True
Is 2183 a multiple of 2?
False
Is 1512 even?
True
Does 26 divide 14905?
False
Is 19248 a multiple of 33?
False
Is 10 a factor of 40857?
False
Does 19 divide 252?
False
Is 1056 a multiple of 16?
True
Is 86 a factor of 5790?
False
Is 9 a factor of 38799?
True
Does 66 divide 14850?
True
Does 20 divide 1160?
True
Does 12 divide 1812?
True
Does 17 divide 1955?
True
Is 10575 a multiple of 4?
False
Is 15 a factor of 1809?
False
Does 26 divide 21538?
False
Does 18 divide 594?
True
Does 19 divide 57?
True
Does 9 divide 4409?
False
Does 48 divide 336?
True
Is 50 a factor of 1100?
True
Is 15 a factor of 5145?
True
Does 27 divide 2354?
False
Is 471 a multiple of 3?
True
Does 43 divide 32551?
True
Is 130 a multiple of 3?
False
Is 716 a multiple of 21?
False
Is 30624 a multiple of 11?
True
Does 28 divide 137?
False
Is 18088 a multiple of 133?
True
Is 1679 a multiple of 73?
True
Is 28 a factor of 97664?
True
Does 15 divide 799?
False
Does 13 divide 15740?
False
Is 14 a factor of 14035?
False
Is 8840 a multiple of 136?
True
Is 13 a factor of 15054?
True
Does 13 divide 1989?
True
Does 24 divide 9761?
False
Is 28 a factor of 1372?
True
Does 56 divide 625?
False
Is 33 a factor of 4389?
True
Is 16707 a multiple of 15?
False
Is 16 a factor of 704?
True
Does 34 divide 345?
False
Does 148 divide 21016?
True
Is 27 a factor of 674?
False
Is 64 a factor of 2496?
True
Is 60 a factor of 2700?
True
Is 3 a factor of 1674?
True
Does 5 divide 280?
True
Is 97821 a multiple of 11?
False
Is 19840 a multiple of 10?
True
Is 2851 a multiple of 13?
False
Is 455 a multiple of 5?
True
Does 24 divide 15960?
True
Is 19 a factor of 2930?
False
Is 30 a factor of 8248?
False
Does 193 divide 29915?
True
Does 30 divide 60?
True
Does 36 divide 45648?
True
Does 20 divide 80?
True
Is 40 a factor of 3380?
False
Is 11 a factor of 2546?
False
Does 7 divide 123?
False
Is 41 a factor of 4264?
True
Is 48927 a multiple of 331?
False
Is 26 a factor of 754?
True
Is 23 a factor of 49946?
False
Is 39 a multiple of 17?
False
Is 1825 a multiple of 62?
False
Is 1420 a multiple of 3?
False
Is 39 a factor of 5226?
True
Is 2560 a multiple of 8?
True
Is 2300 a multiple of 4?
True
Does 26 divide 1560?
True
Is 6874 a multiple of 13?
False
Is 9 a factor of 954?
True
Is 15 a factor of 1395?
True
Is 14 a factor of 2288?
False
Is 31 a factor of 62?
True
Is 4886 a multiple of 7?
True
Is 14 a factor of 3430?
True
Is 346 a multiple of 3?
False
Does 196 divide 11172?
True
Is 1421 a multiple of 13?
False
Does 11 divide 1738?
True
Is 36253 a multiple of 37?
False
Is 297 a multiple of 9?
True
Is 27245 a multiple of 119?
False
Does 67 divide 1005?
True
Is 2740 a multiple of 20?
True
Does 3 divide 18?
True
Is 15 a factor of 8730?
True
Is 252 a multiple of 6?
True
Does 6 divide 264?
True
Does 11 divide 42449?
True
Does 26 divide 312?
True
Is 15 a factor of 477?
False
Is 213 a factor of 44426?
False
Does 25 divide 2658?
False
Does 8 divide 19965?
False
Is 13 a factor of 10894?
True
Is 418 a multiple of 18?
False
Is 1028 a multiple of 4?
True
Is 4 a factor of 33665?
False
Does 65 divide 10140?
True
Does 19 divide 5612?
False
Is 8 a multiple of 4?
True
Is 9 a factor of 1375?
False
Is 19953 a multiple of 264?
False
Is 50 a factor of 9941?
False
Does 9 divide 45?
True
Is 674 a multiple of 22?
False
Does 90 divide 28391?
False
Is 760 a multiple of 4?
True
Is 4974 a multiple of 17?
False
Is 12250 a multiple of 50?
True
Is 37 a factor of 64713?
True
Is 73 a factor of 3504?
True
Is 171 a multiple of 5?
False
Is 962 a multiple of 17?
False
Does 9 divide 351?
True
Does 20 divide 2840?
True
Is 3164 a multiple of 21?
False
Is 107 a factor of 30028?
False
Is 9 a factor of 35523?
True
Is 54 a factor of 16470?
True
Does 8 divide 7367?
False
Is 1132 a multiple of 13?
False
Does 10 divide 29610?
True
Is 430 a multiple of 11?
False
Does 13 divide 26598?
True
Does 303 divide 7066?
False
Is 12 a factor of 3324?
True
Is 3937 a multiple of 31?
True
Does 6 divide 1034?
False
Does 48 divide 3088?
False
Is 22 a factor of 2354?
True
Is 23228 a multiple of 19?
False
Does 5 divide 3841?
False
Is 265 a multiple of 6?
False
Does 71 divide 70432?
True
Does 44 divide 1587?
False
Does 50 divide 1100?
True
Is 1670 a multiple of 15?
False
Is 28 a factor of 171360?
True
Is 579 a multiple of 3?
True
Does 17 divide 10591?
True
Is 2007 a multiple of 149?
False
Is 4260 a multiple of 20?
True
Does 110 divide 30873?
False
Is 12 a factor of 900?
True
Is 992 a multiple of 27?
False
Does 13 divide 325?
True
Is 370 a multiple of 5?
True
Is 23 a factor of 3959?
False
Does 22 divide 181962?
True
Is 1745 a multiple of 4?
False
Does 14 divide 159122?
False
Does 49 divide 1262?
Fa